7?
32
Calculate the remainder when 2583 is divided by 50.
33
What is the remainder when 93 is divided by 9?
3
Calculate the remainder when 701 is divided by 22.
19
What is the remainder when 3453 is divided by 27?
24
Calculate the remainder when 3245 is divided by 296.
285
What is the remainder when 131 is divided by 37?
20
What is the remainder when 839 is divided by 101?
31
What is the remainder when 7580 is divided by 8?
4
What is the remainder when 2855 is divided by 79?
11
Calculate the remainder when 1432 is divided by 354.
16
What is the remainder when 211 is divided by 43?
39
Calculate the remainder when 34739 is divided by 344.
339
What is the remainder when 1036 is divided by 8?
4
Calculate the remainder when 175 is divided by 59.
57
What is the remainder when 163 is divided by 87?
76
What is the remainder when 85 is divided by 11?
8
What is the remainder when 678 is divided by 20?
18
Calculate the remainder when 997 is divided by 200.
197
What is the remainder when 466 is divided by 35?
11
What is the remainder when 70 is divided by 20?
10
Calculate the remainder when 207 is divided by 108.
99
What is the remainder when 5254 is divided by 122?
8
What is the remainder when 26 is divided by 15?
11
What is the remainder when 1532 is divided by 26?
24
What is the remainder when 3476 is divided by 37?
35
What is the remainder when 493 is divided by 18?
7
Calculate the remainder when 28 is divided by 10.
8
What is the remainder when 1871 is divided by 105?
86
What is the remainder when 2429 is divided by 808?
5
Calculate the remainder when 377 is divided by 138.
101
Calculate the remainder when 373 is divided by 55.
43
What is the remainder when 555 is divided by 14?
9
What is the remainder when 189 is divided by 179?
10
Calculate the remainder when 256 is divided by 80.
16
Calculate the remainder when 42 is divided by 34.
8
What is the remainder when 235 is divided by 61?
52
What is the remainder when 1102 is divided by 280?
262
Calculate the remainder when 373 is divided by 166.
41
Calculate the remainder when 10941 is divided by 72.
69
What is the remainder when 250 is divided by 114?
22
What is the remainder when 183 is divided by 101?
82
What is the remainder when 223 is divided by 25?
23
What is the remainder when 795 is divided by 38?
35
What is the remainder when 282 is divided by 135?
12
What is the remainder when 25504 is divided by 9?
7
What is the remainder when 608 is divided by 93?
50
Calculate the remainder when 1149 is divided by 18.
15
What is the remainder when 72 is divided by 65?
7
Calculate the remainder when 151 is divided by 35.
11
What is the remainder when 14893 is divided by 112?
109
What is the remainder when 323 is divided by 103?
14
What is the remainder when 471 is divided by 16?
7
Calculate the remainder when 150 is divided by 13.
7
What is the remainder when 3453 is divided by 93?
12
Calculate the remainder when 3256 is divided by 812.
8
Calculate the remainder when 225 is divided by 58.
51
What is the remainder when 61914 is divided by 35?
34
Calculate the remainder when 192 is divided by 45.
12
Calculate the remainder when 236 is divided by 10.
6
What is the remainder when 1340 is divided by 14?
10
Calculate the remainder when 59 is divided by 31.
28
Calculate the remainder when 5163 is divided by 60.
3
Calculate the remainder when 477 is divided by 103.
65
Calculate the remainder when 1195 is divided by 64.
43
What is the remainder when 65 is divided by 33?
32
Calculate the remainder when 251 is divided by 21.
20
Calculate the remainder when 74 is divided by 55.
19
What is the remainder when 4560 is divided by 570?
0
Calculate the remainder when 47915 is divided by 38.
35
What is the remainder when 143 is divided by 6?
5
Calculate the remainder when 13 is divided by 12.
1
Calculate the remainder when 308 is divided by 99.
11
Calculate the remainder when 913 is divided by 131.
127
What is the remainder when 151 is divided by 26?
21
What is the remainder when 2453 is divided by 85?
73
Calculate the remainder when 1277 is divided by 67.
4
What is the remainder when 649 is divided by 36?
1
Calculate the remainder when 4326 is divided by 863.
11
What is the remainder when 445 is divided by 18?
13
Calculate the remainder when 26249 is divided by 21.
20
Calculate the remainder when 105 is divided by 10.
5
Calculate the remainder when 46 is divided by 16.
14
What is the remainder when 157 is divided by 45?
22
What is the remainder when 240 is divided by 22?
20
Calculate the remainder when 27 is divided by 18.
9
What is the remainder when 1104 is divided by 20?
4
What is the remainder when 1625 is divided by 4?
1
What is the remainder when 188 is divided by 19?
17
What is the remainder when 9197 is divided by 16?
13
What is the remainder when 242 is divided by 35?
32
What is the remainder when 1680 is divided by 58?
56
Calculate the remainder when 860 is divided by 12.
8
Calculate the remainder when 510 is divided by 8.
6
What is the remainder when 1310 is divided by 23?
22
Calculate the remainder when 16 is divided by 6.
4
What is the remainder when 111 is divided by 30?
21
Calculate the remainder when 112 is divided by 40.
32
Calculate the remainder when 629 is divided by 210.
209
What is the remainder when 7672 is divided by 12?
4
Calculate the remainder when 55 is divided by 39.
16
What is the remainder when 155 is divided by 5?
0
What is the remainder when 1093 is divided by 360?
13
What is the remainder when 3671 is divided by 22?
19
What is the remainder when 5613 is divided by 12?
9
What is the remainder when 136 is divided by 2?
0
What is the remainder when 2657 is divided by 62?
53
Calculate the remainder when 529 is divided by 40.
9
Calculate the remainder when 6396 is divided by 14.
12
Calculate the remainder when 83 is divided by 11.
6
Calculate the remainder when 62319 is divided by 29.
27
What is the remainder when 824 is divided by 14?
12
Calculate the remainder when 2139 is divided by 214.
213
Calculate the remainder when 557 is divided by 55.
7
Calculate the remainder when 429 is divided by 87.
81
What is the remainder when 773 is divided by 78?
71
What is the remainder when 159 is divided by 63?
33
What is the remainder when 300 is divided by 33?
3
Calculate the remainder when 164 is divided by 4.
0
Calculate the remainder when 762 is divided by 120.
42
What is the remainder when 759 is divided by 358?
43
Calculate the remainder when 108 is divided by 14.
10
What is the remainder when 55 is divided by 35?
20
What is the remainder when 917 is divided by 51?
50
What is the remainder when 8279 is divided by 91?
89
Calculate the remainder when 353 is divided by 40.
33
Calculate the remainder when 8034 is divided by 383.
374
Calculate the remainder when 394 is divided by 22.
20
Calculate the remainder when 283 is divided by 53.
18
What is the remainder when 96 is divided by 42?
12
What is the remainder when 988 is divided by 254?
226
Calculate the remainder when 10674 is divided by 35.
34
What is the remainder when 102 is divided by 22?
14
What is the remainder when 1987 is divided by 654?
25
Calculate the remainder when 1899 is divided by 50.
49
Calculate the remainder when 247 is divided by 17.
9
What is the remainder when 357 is divided by 30?
27
Calculate the remainder when 9981 is divided by 12.
9
What is the remainder when 62369 is divided by 315?
314
What is the remainder when 1167 is divided by 13?
10
Calculate the remainder when 1520 is divided by 301.
15
Calculate the remainder when 3030 is divided by 74.
70
Calculate the remainder when 72 is divided by 39.
33
What is the remainder when 243 is divided by 45?
18
Calculate the remainder when 34154 is divided by 345.
344
What is the remainder when 565 is divided by 185?
10
What is the remainder when 328 is divided by 116?
96
Calculate the remainder when 1359 is divided by 20.
19
What is the remainder when 884 is divided by 24?
20
Calculate the remainder when 1715 is divided by 232.
91
What is the remainder when 403 is divided by 12?
7
Calculate the remainder when 156 is divided by 45.
21
Calculate the remainder when 732 is divided by 46.
42
Calculate the remainder when 2586 is divided by 35.
31
Calculate the remainder when 1030 is divide